3 and 762697?
13
Calculate the highest common factor of 241 and 121.
1
Calculate the greatest common divisor of 2822 and 3112.
2
Calculate the highest common divisor of 67 and 776664.
67
What is the highest common factor of 15718 and 2088?
58
What is the greatest common divisor of 210014 and 98?
98
What is the greatest common factor of 3033 and 237?
3
Calculate the greatest common divisor of 6207075 and 3150.
1575
What is the greatest common factor of 31861 and 422?
211
Calculate the highest common divisor of 1656 and 4608.
72
What is the greatest common factor of 161994 and 133?
133
What is the greatest common divisor of 207 and 1179279?
207
What is the highest common divisor of 13288 and 10736?
88
What is the highest common factor of 198003 and 312?
39
What is the highest common divisor of 824050 and 50?
50
Calculate the greatest common divisor of 7797 and 2208.
69
Calculate the greatest common factor of 640 and 8384.
64
What is the highest common divisor of 98 and 88592?
98
What is the highest common factor of 358540 and 35?
35
What is the greatest common factor of 13286 and 64246?
182
Calculate the highest common factor of 237 and 13825.
79
Calculate the highest common divisor of 162 and 12375180.
162
Calculate the highest common divisor of 342 and 5346.
18
Calculate the greatest common factor of 4330733 and 187.
187
Calculate the highest common divisor of 17024 and 176.
16
Calculate the highest common factor of 139116 and 60.
12
What is the highest common factor of 139662 and 162?
18
What is the greatest common factor of 1866 and 354?
6
What is the greatest common divisor of 6 and 15954?
6
Calculate the highest common divisor of 185490 and 165.
15
Calculate the greatest common factor of 41374 and 302.
302
What is the greatest common factor of 32424 and 4944?
24
Calculate the highest common divisor of 1444703 and 247.
247
Calculate the highest common factor of 4300 and 918996.
172
What is the highest common factor of 1532818 and 196?
98
What is the highest common factor of 4900 and 441?
49
Calculate the greatest common factor of 3781 and 6169.
199
Calculate the highest common divisor of 17942 and 7.
1
Calculate the highest common factor of 458946 and 162.
162
What is the highest common factor of 352 and 296?
8
Calculate the greatest common divisor of 119944 and 1914.
638
Calculate the highest common divisor of 326830 and 2001.
667
What is the greatest common factor of 286 and 1507?
11
What is the highest common divisor of 19164 and 6?
6
Calculate the highest common factor of 175 and 143125.
25
What is the greatest common factor of 1118764 and 778?
778
Calculate the greatest common divisor of 1053 and 176436.
117
Calculate the greatest common divisor of 3237155 and 205.
205
What is the greatest common divisor of 2 and 8882?
2
What is the highest common factor of 624 and 10632?
24
What is the greatest common factor of 56 and 665056?
56
Calculate the greatest common factor of 14070 and 12797.
67
Calculate the highest common divisor of 247 and 1148056.
247
Calculate the greatest common divisor of 1902180 and 56.
28
Calculate the highest common divisor of 1656193 and 77.
77
Calculate the greatest common divisor of 15 and 1652745.
15
Calculate the highest common divisor of 19 and 82061.
19
What is the greatest common factor of 337 and 1?
1
Calculate the greatest common divisor of 392 and 11824.
8
What is the highest common divisor of 1862 and 76?
38
What is the highest common divisor of 16 and 226672?
16
Calculate the greatest common divisor of 27000 and 3900.
300
Calculate the greatest common factor of 603 and 1062486.
603
Calculate the highest common divisor of 50608 and 16.
16
What is the highest common divisor of 3 and 517899?
3
Calculate the highest common factor of 2610 and 2830110.
870
Calculate the greatest common divisor of 60 and 82580.
20
What is the highest common divisor of 11754 and 296462?
1306
What is the highest common divisor of 463639 and 32318?
1243
Calculate the greatest common factor of 220 and 13277.
11
What is the greatest common divisor of 6029839 and 267?
89
Calculate the greatest common divisor of 1125 and 2375.
125
Calculate the greatest common divisor of 1010174 and 66.
22
Calculate the highest common divisor of 37 and 1493875.
37
Calculate the highest common factor of 55417 and 734.
367
What is the highest common divisor of 25585 and 6923?
301
Calculate the greatest common factor of 91333 and 1771.
253
Calculate the highest common factor of 89888 and 349376.
1696
Calculate the greatest common factor of 106625 and 125.
125
Calculate the greatest common factor of 216472 and 8.
8
What is the highest common factor of 321272 and 42?
14
Calculate the highest common divisor of 29 and 107909.
29
What is the highest common divisor of 375 and 1650?
75
What is the highest common factor of 27030 and 2635?
85
Calculate the highest common factor of 140 and 61628.
28
Calculate the greatest common divisor of 14928 and 48.
48
What is the highest common divisor of 285 and 1520?
95
What is the greatest common factor of 177 and 7485861?
177
Calculate the greatest common divisor of 1107193 and 34.
17
What is the highest common divisor of 78 and 183963?
39
What is the greatest common factor of 15762 and 740?
74
What is the highest common divisor of 685 and 1375343?
137
What is the greatest common divisor of 19480 and 1775115?
2435
What is the highest common factor of 116132 and 12?
4
Calculate the highest common factor of 1253 and 22017.
179
What is the greatest common divisor of 5317 and 913706?
409
Calculate the greatest common factor of 67216 and 944.
16
What is the highest common factor of 17 and 488767?
17
What is the greatest common factor of 561 and 415293?
51
Calculate the highest common factor of 585 and 2115.
45
What is the greatest common divisor of 3916 and 396?
44
Calculate the highest common factor of 179 and 11237083.
179
Calculate the highest common divisor of 51 and 4569.
3
Calculate the highest common divisor of 783314 and 98.
98
Calculate the greatest common divisor of 71868 and 13108.
452
Calculate the greatest common factor of 18960 and 320.
80
Calculate the highest common divisor of 5002 and 14030.
122
Calculate the highest common factor of 22633 and 39.
13
What is the greatest common factor of 8580 and 200?
20
Calculate the highest common factor of 169953 and 3192.
21
What is the greatest common factor of 234 and 56862?
234
Calculate the greatest common factor of 17767 and 7172.
163
What is the greatest common factor of 130 and 2213835?
65
Calculate the highest common divisor of 308 and 2366.
14
What is the highest common factor of 3288 and 1781?
137
Calculate the greatest common divisor of 457376 and 64.
32
What is the highest common divisor of 203 and 447055?
7
Calculate the greatest common factor of 351533 and 182.
91
Calculate the greatest common divisor of 14 and 444374.
14
What is the highest common factor of 8289 and 307?
307
What is the greatest common divisor of 49260 and 420?
60
What is the greatest common divisor of 1605 and 2685?
15
Calculate the highest common divisor of 33012 and 22794.
786
What is the highest common divisor of 21 and 7691061?
21
Calculate the greatest common factor of 73 and 577.
1
Calculate the highest common factor of 576 and 127936.
64
Calculate the greatest common divisor of 2483290 and 5845.
835
Calculate the highest common divisor of 51712 and 101.
101
Calculate the highest common factor of 1139 and 117920.
67
Calculate the greatest common factor of 938 and 715828.
134
What is the greatest common divisor of 4826 and 15998?
38
Calculate the highest common factor of 913 and 275.
11
Calculate the greatest common factor of 480691 and 863.
863
What is the highest common divisor of 73479 and 21?
21
What is the greatest common factor of 36168 and 48?
24
Calculate the highest common factor of 33675 and 105.
15
Calculate the greatest common factor of 7 and 766472.
7
What is the greatest common divisor of 91140 and 16?
4
What is the greatest common divisor of 28046 and 1137?
379
Calculate the greatest common divisor of 45 and 195.
15
Calculate the highest common divisor of 9612 and 193041.
801
What is the highest common factor of 6597 and 936?
9
What is the highest common factor of 